
Is 14256796 a multiple of 10?
False
Is 1468109 a multiple of 241?
False
Does 9 divide 1118441?
False
Is 5 a factor of 51434?
False
Is 103 a factor of 103618?
True
Does 10 divide 229280?
True
Is 103 a factor of 1038858?
True
Does 53 divide 19738?
False
Is 11 a factor of 624635?
True
Is 67505 a multiple of 13?
False
Is 408938 a multiple of 278?
True
Is 9 a factor of 528752?
False
Does 230 divide 51520?
True
Does 369 divide 3075246?
True
Does 59 divide 437979?
False
Does 19 divide 507509?
True
Does 151 divide 232087?
True
Is 252 a factor of 192024?
True
Does 133 divide 12000240?
False
Does 131 divide 1847485?
False
Does 265 divide 1433291?
False
Is 27 a factor of 989307?
True
Is 167611 a multiple of 10?
False
Does 6 divide 14915173?
False
Is 22008 a multiple of 84?
True
Is 5521679 a multiple of 75?
False
Is 11146473 a multiple of 611?
True
Does 499 divide 520956?
True
Is 10 a factor of 635680?
True
Is 124168 a multiple of 136?
True
Does 417 divide 376930?
False
Is 303 a factor of 1324005?
False
Does 8 divide 295240?
True
Does 46 divide 2759920?
False
Is 10 a factor of 521880?
True
Is 490560 a multiple of 876?
True
Is 1034290 a multiple of 353?
True
Is 262 a factor of 241673?
False
Is 194 a factor of 697842?
False
Is 407 a factor of 176638?
True
Does 239 divide 275680?
False
Is 132 a factor of 333424?
False
Does 10 divide 230320?
True
Does 42 divide 23158?
False
Is 140 a factor of 253260?
True
Is 16 a factor of 2518054?
False
Does 401 divide 3670255?
False
Is 100 a factor of 41000?
True
Is 230 a factor of 118174?
False
Is 14 a factor of 21476?
True
Is 49 a factor of 10130328?
False
Is 490378 a multiple of 14?
True
Is 14370252 a multiple of 1004?
True
Is 12 a factor of 3879718?
False
Does 92 divide 402040?
True
Does 64 divide 290275?
False
Is 46508 a multiple of 22?
True
Does 40 divide 483931?
False
Is 610946 a multiple of 52?
False
Does 113 divide 1322891?
True
Is 697788 a multiple of 36?
True
Does 360 divide 259335?
False
Does 24 divide 2775924?
False
Does 55 divide 127376?
False
Is 236744 a multiple of 413?
False
Does 56 divide 517832?
True
Is 49389 a multiple of 489?
True
Is 19 a factor of 360563?
True
Is 154938 a multiple of 71?
False
Is 204 a factor of 133778?
False
Does 10 divide 1935220?
True
Is 7 a factor of 2205777?
True
Is 91 a factor of 141232?
True
Is 60 a factor of 738321?
False
Does 53 divide 5354325?
True
Does 750 divide 386385?
False
Is 775 a factor of 5435075?
True
Is 6 a factor of 236926?
False
Is 185 a factor of 1712915?
True
Is 1340880 a multiple of 888?
True
Is 27 a factor of 640953?
True
Is 348336 a multiple of 236?
True
Is 77490 a multiple of 7?
True
Does 56 divide 80416?
True
Is 13070916 a multiple of 40?
False
Is 2298018 a multiple of 141?
True
Does 18 divide 1055700?
True
Does 102 divide 14760058?
False
Is 458541 a multiple of 153?
True
Is 1313312 a multiple of 154?
True
Is 20 a factor of 386933?
False
Is 10 a factor of 192440?
True
Does 41 divide 104407?
False
Is 217 a factor of 593570?
False
Is 61345 even?
False
Is 106729 a multiple of 79?
True
Does 15 divide 3890426?
False
Is 1097466 even?
True
Does 44 divide 40531?
False
Is 62765 a multiple of 7?
False
Is 13 a factor of 1932294?
True
Is 15 a factor of 2824650?
True
Does 675 divide 353025?
True
Does 60 divide 698109?
False
Is 757341 a multiple of 39?
True
Is 23569935 a multiple of 847?
False
Is 338 a factor of 21259241?
False
Does 355 divide 317725?
True
Does 296 divide 1350101?
False
Is 181 a factor of 12105?
False
Is 18 a factor of 1289880?
True
Does 85 divide 5810430?
True
Is 179844 a multiple of 65?
False
Is 381160 a multiple of 2?
True
Is 37 a factor of 76357?
False
Does 22 divide 16752461?
False
Is 195 a factor of 111735?
True
Does 14 divide 64134?
True
Is 2086 a multiple of 2?
True
Is 400 a factor of 371600?
True
Is 241 a factor of 1705557?
True
Is 43 a factor of 2183943?
False
Does 334 divide 3025787?
False
Does 233 divide 3269223?
True
Does 192 divide 180672?
True
Is 317 a factor of 251064?
True
Is 714553 a multiple of 9?
False
Is 39 a factor of 129480?
True
Does 5 divide 1554880?
True
Is 1565345 a multiple of 20?
False
Is 25991 a multiple of 7?
True
Is 37 a factor of 5656153?
True
Is 1423197 a multiple of 289?
False
Is 168080 a multiple of 11?
True
Is 5476997 a multiple of 113?
True
Is 185886 a multiple of 187?
False
Does 20 divide 2544199?
False
Is 211816 a multiple of 9?
False
Is 2429677 a multiple of 193?
True
Does 9 divide 65448?
True
Is 21 a factor of 11556804?
True
Is 393 a factor of 5401680?
False
Does 18 divide 10710?
True
Is 67515 a multiple of 28?
False
Is 105 a factor of 3465735?
True
Is 78366 a multiple of 832?
False
Is 11 a factor of 329721?
False
Is 596 a multiple of 70?
False
Is 73 a factor of 155998?
False
Is 460 a factor of 1544091?
False
Is 194813 a multiple of 101?
False
Is 18361 a multiple of 4?
False
Is 14 a factor of 169484?
True
Is 27 a factor of 65826?
True
Does 222 divide 487068?
True
Is 16716 a multiple of 84?
True
Does 183 divide 3176383?
False
Is 2663817 a multiple of 328?
False
Does 44 divide 198264?
True
Is 57785 a multiple of 26?
False
Does 40 divide 724028?
False
Is 866145 a multiple of 40?
False
Is 9 a factor of 128718?
True
Does 358 divide 100519?
False
Is 45 a factor of 51615?
True
Is 435742 a multiple of 32?
False
Is 114597 a multiple of 17?
True
Does 37 divide 274823?
False
Is 418872 a multiple of 563?
True
Is 947366 a multiple of 49?
True
Does 5 divide 11330?
True
Is 127 a factor of 738914?
False
Is 4759520 a multiple of 755?
True
Does 53 divide 999474?
True
Is 40 a factor of 12363200?
True
Is 827282 a multiple of 50?
False
Is 596248 a multiple of 74?
False
Is 514 a factor of 3520386?
True
Does 295 divide 560500?
True
Does 14 divide 12689803?
False
Does 15 divide 369705?
True
Does 32 divide 67232?
True
Is 4483635 a multiple of 646?
False
Does 1917 divide 404487?
True
Is 19 a factor of 4021027?
True
Is 58 a factor of 14433?
False
Is 436818 even?
True
Does 40 divide 942480?
True
Does 9 divide 2914765?
False
Does 271 divide 1222555?
False
Is 61 a factor of 154757?
True
Is 225 a factor of 315391?
False
Is 384674 a multiple of 53?
True
Is 851 a factor of 2792131?
True
Is 2630378 a multiple of 170?
False
Does 24 divide 73727?
False
Is 3393718 a multiple of 44?
False
Is 388 a factor of 108819?
False
Is 50578 a multiple of 11?
True
Is 90 a factor of 4391100?
True
Does 392 divide 90956?
False
Does 6 divide 44118?
True
Is 272 a factor of 1628464?
True
Is 805 a factor of 2167060?
True
Is 30237397 a multiple of 99?
False
Is 3226662 a multiple of 3?
True
Does 139 divide 1176692?
False
Does 30 divide 785105?
False
Is 131040 a multiple of 96?
True
Does 60 divide 64380?
True
Is 1745750 a multiple of 250?
True
Is 548 a factor of 853784?
True
Is 1583555 a multiple of 3?
False
Does 372 divide 150389?
False
Does 11 divide 13076?
False
Does 25 divide 471977?
False
Does 7 divide 182303?
False
Is 502 a factor of 425194?
True
Is 78678 a multiple of 6?
True
Does 54 divide 117316?
False
Is 516768 a multiple of 224?
True
Is 17153185 a multiple of 245?
True
Does 25 divide 84125?
True
Is 2 a factor of 957866?
True
Is 575515 a multiple of 160?
False
Is 67 a factor of 91589?
True
Is 42 a factor of 31458?
True
Does 9 divide 7731?
True
Is 172891 a multiple of 37?
False
Does 1344 divide 17193792?
True
Is 25 a factor of 10621160?
False
Does 140 divide 69860?
True
Does 626 divide 11010897?
False
Does 19 divide 307996?
False
Does 7 divide 5980709?
True
Is 26 a factor of 103688?
True
Does 181 divide 6657723?
True
Is 88 a factor of 180312?
True
Is 553329 a multiple of 9?
True
Is 31 a factor of 56245?
False
Is 12 a factor of 77100?
True
Is 1028907 a multiple of 209?
True
Is 7 a factor of 25520?
False
Is 2441630 a multiple of 74?
True
Does 155 divide 3548978?
False
Is 2946696 a multiple of 96?
False
Does 53 divide 19041787?
True
Does 378 divide 3072762?
True
Is 210 a factor of 3125510?
False
Is 183 a factor of 601338?
True
Is 264 a factor of 3434666?
False
Is 41 a factor of 39128?
False
Does 14 divide 823480?
True
Does 358 divide 749294?
True
Is 42066 a multiple of 54?
True
Does 545 divide 1505290?
True
Is 24 a factor of 4139904?
True
Is 61 a factor of 7527?
False
Is 9981216 a multiple of 42?
True
Is 1507739 a multiple of 63?
False
Does 4 divide 878320?
Tr